{"version":"1.0","provider_name":"ProSOS - sosVZ","provider_url":"https:\/\/www.prosos.org\/sosvz","author_name":"Aktuelle Polizeimeldungen","author_url":"https:\/\/www.prosos.org\/sosvz\/author\/aktuelle-polizeimeldungen","title":"Freier festgenommen","type":"rich","width":600,"height":338,"html":"<blockquote class=\"wp-embedded-content\" data-secret=\"M7CWE1UVEF\"><a href=\"https:\/\/www.prosos.org\/sosvz\/freier-festgenommen-74358.html\">Freier festgenommen<\/a><\/blockquote><iframe sandbox=\"allow-scripts\" security=\"restricted\" src=\"https:\/\/www.prosos.org\/sosvz\/freier-festgenommen-74358.html\/embed#?secret=M7CWE1UVEF\" width=\"600\" height=\"338\" title=\"&#8222;Freier festgenommen&#8220; &#8211; ProSOS - sosVZ\" data-secret=\"M7CWE1UVEF\" frameborder=\"0\" marginwidth=\"0\" marginheight=\"0\" scrolling=\"no\" class=\"wp-embedded-content\"><\/iframe><script type=\"text\/javascript\">\n\/* <![CDATA[ *\/\n\/*! This file is auto-generated *\/\n!function(d,l){\"use strict\";l.querySelector&&d.addEventListener&&\"undefined\"!=typeof URL&&(d.wp=d.wp||{},d.wp.receiveEmbedMessage||(d.wp.receiveEmbedMessage=function(e){var t=e.data;if((t||t.secret||t.message||t.value)&&!\/[^a-zA-Z0-9]\/.test(t.secret)){for(var s,r,n,a=l.querySelectorAll('iframe[data-secret=\"'+t.secret+'\"]'),o=l.querySelectorAll('blockquote[data-secret=\"'+t.secret+'\"]'),c=new RegExp(\"^https?:$\",\"i\"),i=0;i<o.length;i++)o[i].style.display=\"none\";for(i=0;i<a.length;i++)s=a[i],e.source===s.contentWindow&&(s.removeAttribute(\"style\"),\"height\"===t.message?(1e3<(r=parseInt(t.value,10))?r=1e3:~~r<200&&(r=200),s.height=r):\"link\"===t.message&&(r=new URL(s.getAttribute(\"src\")),n=new URL(t.value),c.test(n.protocol))&&n.host===r.host&&l.activeElement===s&&(d.top.location.href=t.value))}},d.addEventListener(\"message\",d.wp.receiveEmbedMessage,!1),l.addEventListener(\"DOMContentLoaded\",function(){for(var e,t,s=l.querySelectorAll(\"iframe.wp-embedded-content\"),r=0;r<s.length;r++)(t=(e=s[r]).getAttribute(\"data-secret\"))||(t=Math.random().toString(36).substring(2,12),e.src+=\"#?secret=\"+t,e.setAttribute(\"data-secret\",t)),e.contentWindow.postMessage({message:\"ready\",secret:t},\"*\")},!1)))}(window,document);\n\/\/# sourceURL=https:\/\/www.prosos.org\/sosvz\/wp-includes\/js\/wp-embed.min.js\n\/* ]]> *\/\n<\/script>\n","description":"Polizisten nahmen gestern fr\u00fch zwei M\u00e4nner in Sch\u00f6neberg fest. Nach bisherigen Ermittlungen sprachen die beiden M\u00e4nner im Alter von 28 und 29 Jahren gegen 5.15 Uhr eine Prostituierte auf der Stra\u00dfe an."}

Polizisten nahmen gestern früh zwei Männer in Schöneberg fest. Nach bisherigen Ermittlungen sprachen die beiden Männer im Alter von 28 und 29 Jahren gegen 5.15 Uhr eine Prostituierte auf der Straße an.
