{"version":"1.0","provider_name":"ProSOS - sosVZ","provider_url":"https:\/\/www.prosos.org\/sosvz","author_name":"Aktuelle Polizeimeldungen","author_url":"https:\/\/www.prosos.org\/sosvz\/author\/aktuelle-polizeimeldungen","title":"Fu\u00dfg\u00e4nger von Stra\u00dfenbahn angefahren","type":"rich","width":600,"height":338,"html":"<blockquote class=\"wp-embedded-content\" data-secret=\"okM4g3Umhn\"><a href=\"https:\/\/www.prosos.org\/sosvz\/fussgaenger-von-strassenbahn-angefahren-74243.html\">Fu\u00dfg\u00e4nger von Stra\u00dfenbahn angefahren<\/a><\/blockquote><iframe sandbox=\"allow-scripts\" security=\"restricted\" src=\"https:\/\/www.prosos.org\/sosvz\/fussgaenger-von-strassenbahn-angefahren-74243.html\/embed#?secret=okM4g3Umhn\" width=\"600\" height=\"338\" title=\"&#8222;Fu\u00dfg\u00e4nger von Stra\u00dfenbahn angefahren&#8220; &#8211; ProSOS - sosVZ\" data-secret=\"okM4g3Umhn\" frameborder=\"0\" marginwidth=\"0\" marginheight=\"0\" scrolling=\"no\" class=\"wp-embedded-content\"><\/iframe><script type=\"text\/javascript\">\n\/* <![CDATA[ *\/\n\/*! This file is auto-generated *\/\n!function(d,l){\"use strict\";l.querySelector&&d.addEventListener&&\"undefined\"!=typeof URL&&(d.wp=d.wp||{},d.wp.receiveEmbedMessage||(d.wp.receiveEmbedMessage=function(e){var t=e.data;if((t||t.secret||t.message||t.value)&&!\/[^a-zA-Z0-9]\/.test(t.secret)){for(var s,r,n,a=l.querySelectorAll('iframe[data-secret=\"'+t.secret+'\"]'),o=l.querySelectorAll('blockquote[data-secret=\"'+t.secret+'\"]'),c=new RegExp(\"^https?:$\",\"i\"),i=0;i<o.length;i++)o[i].style.display=\"none\";for(i=0;i<a.length;i++)s=a[i],e.source===s.contentWindow&&(s.removeAttribute(\"style\"),\"height\"===t.message?(1e3<(r=parseInt(t.value,10))?r=1e3:~~r<200&&(r=200),s.height=r):\"link\"===t.message&&(r=new URL(s.getAttribute(\"src\")),n=new URL(t.value),c.test(n.protocol))&&n.host===r.host&&l.activeElement===s&&(d.top.location.href=t.value))}},d.addEventListener(\"message\",d.wp.receiveEmbedMessage,!1),l.addEventListener(\"DOMContentLoaded\",function(){for(var e,t,s=l.querySelectorAll(\"iframe.wp-embedded-content\"),r=0;r<s.length;r++)(t=(e=s[r]).getAttribute(\"data-secret\"))||(t=Math.random().toString(36).substring(2,12),e.src+=\"#?secret=\"+t,e.setAttribute(\"data-secret\",t)),e.contentWindow.postMessage({message:\"ready\",secret:t},\"*\")},!1)))}(window,document);\n\/\/# sourceURL=https:\/\/www.prosos.org\/sosvz\/wp-includes\/js\/wp-embed.min.js\n\/* ]]> *\/\n<\/script>\n","description":"Lebensbedrohliche Verletzungen am Kopf zog sich ein 66 Jahre alter Fu\u00dfg\u00e4nger bei einem Zusammensto\u00df mit einer Tram gestern Nachmittag in Marzahn zu. Nach dem bisherigen Ermittlungsstand soll der Mann gegen 14 Uhr bei Rot zeigender Ampel die Kreuzung La..."}

Fußgänger von Straßenbahn angefahren

<blockquote class="wp-embedded-content" data-secret="okM4g3Umhn"><a href="https://www.prosos.org/sosvz/fussgaenger-von-strassenbahn-angefahren-74243.html">Fußgänger von Straßenbahn angefahren</a></blockquote><iframe sandbox="allow-scripts" security="restricted" src="https://www.prosos.org/sosvz/fussgaenger-von-strassenbahn-angefahren-74243.html/embed#?secret=okM4g3Umhn" width="600" height="338" title="&#8222;Fußgänger von Straßenbahn angefahren&#8220; &#8211; ProSOS - sosVZ" data-secret="okM4g3Umhn" frameborder="0" marginwidth="0" marginheight="0" scrolling="no" class="wp-embedded-content"></iframe><script type="text/javascript">
/* <![CDATA[ */
/*! This file is auto-generated */
!function(d,l){"use strict";l.querySelector&&d.addEventListener&&"undefined"!=typeof URL&&(d.wp=d.wp||{},d.wp.receiveEmbedMessage||(d.wp.receiveEmbedMessage=function(e){var t=e.data;if((t||t.secret||t.message||t.value)&&!/[^a-zA-Z0-9]/.test(t.secret)){for(var s,r,n,a=l.querySelectorAll('iframe[data-secret="'+t.secret+'"]'),o=l.querySelectorAll('blockquote[data-secret="'+t.secret+'"]'),c=new RegExp("^https?:$","i"),i=0;i<o.length;i++)o[i].style.display="none";for(i=0;i<a.length;i++)s=a[i],e.source===s.contentWindow&&(s.removeAttribute("style"),"height"===t.message?(1e3<(r=parseInt(t.value,10))?r=1e3:~~r<200&&(r=200),s.height=r):"link"===t.message&&(r=new URL(s.getAttribute("src")),n=new URL(t.value),c.test(n.protocol))&&n.host===r.host&&l.activeElement===s&&(d.top.location.href=t.value))}},d.addEventListener("message",d.wp.receiveEmbedMessage,!1),l.addEventListener("DOMContentLoaded",function(){for(var e,t,s=l.querySelectorAll("iframe.wp-embedded-content"),r=0;r<s.length;r++)(t=(e=s[r]).getAttribute("data-secret"))||(t=Math.random().toString(36).substring(2,12),e.src+="#?secret="+t,e.setAttribute("data-secret",t)),e.contentWindow.postMessage({message:"ready",secret:t},"*")},!1)))}(window,document);
//# sourceURL=https://www.prosos.org/sosvz/wp-includes/js/wp-embed.min.js
/* ]]> */
</script>

Lebensbedrohliche Verletzungen am Kopf zog sich ein 66 Jahre alter Fußgänger bei einem Zusammenstoß mit einer Tram gestern Nachmittag in Marzahn zu. Nach dem bisherigen Ermittlungsstand soll der Mann gegen 14 Uhr bei Rot zeigender Ampel die Kreuzung La...
